{"id":1719,"date":"2024-02-21T20:47:07","date_gmt":"2024-02-21T19:47:07","guid":{"rendered":"https:\/\/oshi-studio.com\/?page_id=1719"},"modified":"2024-03-05T20:56:26","modified_gmt":"2024-03-05T19:56:26","slug":"interior-design-maurizio-et-fred-appartement-2-pieces-paris-xii","status":"publish","type":"page","link":"https:\/\/oshi-studio.com\/index.php\/interior-design-maurizio-et-fred-appartement-2-pieces-paris-xii\/","title":{"rendered":"Interior Design\/Maurizio et Fred \u2013 Appartement 2 Pi\u00e8ces Paris XII\u00a0"},"content":{"rendered":"\t\t<div data-elementor-type=\"wp-page\" data-elementor-id=\"1719\" class=\"elementor elementor-1719\">\n\t\t\t\t<div class=\"elementor-element elementor-element-50f2ddd e-flex e-con-boxed e-con e-parent\" data-id=\"50f2ddd\" data-element_type=\"container\" data-e-type=\"container\">\n\t\t\t\t\t<div class=\"e-con-inner\">\n\t\t\t\t<div class=\"elementor-element elementor-element-08be195 elementor-widget elementor-widget-heading\" data-id=\"08be195\" data-element_type=\"widget\" data-e-type=\"widget\" data-widget_type=\"heading.default\">\n\t\t\t\t<div class=\"elementor-widget-container\">\n\t\t\t\t\t<h1 class=\"elementor-heading-title elementor-size-default\">Projet de Maurizio et Fred - R\u00e9am\u00e9nagement d'un 2 pi\u00e8ces \u00e0 Paris XII<\/h1>\t\t\t\t<\/div>\n\t\t\t\t<\/div>\n\t\t\t\t\t<\/div>\n\t\t\t\t<\/div>\n\t\t<div class=\"elementor-element elementor-element-8e5fc01 e-flex e-con-boxed e-con e-parent\" data-id=\"8e5fc01\" data-element_type=\"container\" data-e-type=\"container\">\n\t\t\t\t\t<div class=\"e-con-inner\">\n\t\t<div class=\"elementor-element elementor-element-a3063bc e-con-full e-flex e-con e-child\" data-id=\"a3063bc\" data-element_type=\"container\" data-e-type=\"container\">\n\t\t\t\t<div class=\"elementor-element elementor-element-994d01c elementor-widget elementor-widget-image\" data-id=\"994d01c\" data-element_type=\"widget\" data-e-type=\"widget\" data-widget_type=\"image.default\">\n\t\t\t\t<div class=\"elementor-widget-container\">\n\t\t\t\t\t\t\t\t\t\t\t\t\t\t\t<img fetchpriority=\"high\" decoding=\"async\" width=\"1920\" height=\"2560\" src=\"https:\/\/i0.wp.com\/oshi-studio.com\/wp-content\/uploads\/2024\/02\/OSHI-FredMaurizio-Cuisine-scaled.jpg?fit=1920%2C2560&amp;ssl=1\" class=\"attachment-full size-full wp-image-1646\" alt=\"\" srcset=\"https:\/\/i0.wp.com\/oshi-studio.com\/wp-content\/uploads\/2024\/02\/OSHI-FredMaurizio-Cuisine-scaled.jpg?w=1920&amp;ssl=1 1920w, https:\/\/i0.wp.com\/oshi-studio.com\/wp-content\/uploads\/2024\/02\/OSHI-FredMaurizio-Cuisine-scaled.jpg?resize=225%2C300&amp;ssl=1 225w, https:\/\/i0.wp.com\/oshi-studio.com\/wp-content\/uploads\/2024\/02\/OSHI-FredMaurizio-Cuisine-scaled.jpg?resize=768%2C1024&amp;ssl=1 768w, https:\/\/i0.wp.com\/oshi-studio.com\/wp-content\/uploads\/2024\/02\/OSHI-FredMaurizio-Cuisine-scaled.jpg?resize=1152%2C1536&amp;ssl=1 1152w, https:\/\/i0.wp.com\/oshi-studio.com\/wp-content\/uploads\/2024\/02\/OSHI-FredMaurizio-Cuisine-scaled.jpg?resize=1536%2C2048&amp;ssl=1 1536w\" sizes=\"(max-width: 1200px) 100vw, 1200px\" \/>\t\t\t\t\t\t\t\t\t\t\t\t\t\t\t<\/div>\n\t\t\t\t<\/div>\n\t\t\t\t<\/div>\n\t\t<div class=\"elementor-element elementor-element-7e734aa e-con-full e-flex e-con e-child\" data-id=\"7e734aa\" data-element_type=\"container\" data-e-type=\"container\">\n\t\t\t\t<div class=\"elementor-element elementor-element-970d2ee elementor-widget elementor-widget-image\" data-id=\"970d2ee\" data-element_type=\"widget\" data-e-type=\"widget\" data-widget_type=\"image.default\">\n\t\t\t\t<div class=\"elementor-widget-container\">\n\t\t\t\t\t\t\t\t\t\t\t\t\t\t\t<img decoding=\"async\" width=\"2560\" height=\"1924\" src=\"https:\/\/i0.wp.com\/oshi-studio.com\/wp-content\/uploads\/2024\/02\/OSHI-FredMaurizio-Cuisine7-scaled.jpg?fit=2560%2C1924&amp;ssl=1\" class=\"attachment-full size-full wp-image-1648\" alt=\"\" srcset=\"https:\/\/i0.wp.com\/oshi-studio.com\/wp-content\/uploads\/2024\/02\/OSHI-FredMaurizio-Cuisine7-scaled.jpg?w=2560&amp;ssl=1 2560w, https:\/\/i0.wp.com\/oshi-studio.com\/wp-content\/uploads\/2024\/02\/OSHI-FredMaurizio-Cuisine7-scaled.jpg?resize=300%2C225&amp;ssl=1 300w, https:\/\/i0.wp.com\/oshi-studio.com\/wp-content\/uploads\/2024\/02\/OSHI-FredMaurizio-Cuisine7-scaled.jpg?resize=1024%2C769&amp;ssl=1 1024w, https:\/\/i0.wp.com\/oshi-studio.com\/wp-content\/uploads\/2024\/02\/OSHI-FredMaurizio-Cuisine7-scaled.jpg?resize=768%2C577&amp;ssl=1 768w, https:\/\/i0.wp.com\/oshi-studio.com\/wp-content\/uploads\/2024\/02\/OSHI-FredMaurizio-Cuisine7-scaled.jpg?resize=1536%2C1154&amp;ssl=1 1536w, https:\/\/i0.wp.com\/oshi-studio.com\/wp-content\/uploads\/2024\/02\/OSHI-FredMaurizio-Cuisine7-scaled.jpg?resize=2048%2C1539&amp;ssl=1 2048w, https:\/\/i0.wp.com\/oshi-studio.com\/wp-content\/uploads\/2024\/02\/OSHI-FredMaurizio-Cuisine7-scaled.jpg?w=2400&amp;ssl=1 2400w\" sizes=\"(max-width: 1200px) 100vw, 1200px\" \/>\t\t\t\t\t\t\t\t\t\t\t\t\t\t\t<\/div>\n\t\t\t\t<\/div>\n\t\t\t\t<div class=\"elementor-element elementor-element-2eb51a2 elementor-widget elementor-widget-text-editor\" data-id=\"2eb51a2\" data-element_type=\"widget\" data-e-type=\"widget\" data-widget_type=\"text-editor.default\">\n\t\t\t\t<div class=\"elementor-widget-container\">\n\t\t\t\t\t\t\t\t\t<p>R\u00e9novation partielle d\u2019un appartement Haussmannien de 60m2 \u00e0 Paris XII.\u00a0<span style=\"font-style: inherit; font-weight: inherit; color: var( --e-global-color-text ); font-family: var( --e-global-typography-text-font-family ), Sans-serif; text-align: var(--text-align); background-color: var(--ast-global-color-5);\">Cet appartement cossus souffrait d&rsquo;un am\u00e9nagement atypique qui ne permettait pas d&rsquo;exploiter son potentiel.<\/span><\/p><ul><li>La cuisine, un peu \u00e9triqu\u00e9e, \u00e9tait situ\u00e9e \u00e0 droite de l&rsquo;entr\u00e9e ce qui l&rsquo;\u00e9loignait de l&rsquo;espace salle \u00e0 manger (dans le salon).\u00a0<\/li><li>L&rsquo;espace d\u00e9volu \u00e0 la salle de bain \u00e9tait disproportionn\u00e9 par rapport au reste de l&rsquo;appartement.\u00a0\u00a0<\/li><\/ul>\t\t\t\t\t\t\t\t<\/div>\n\t\t\t\t<\/div>\n\t\t\t\t<\/div>\n\t\t<div class=\"elementor-element elementor-element-dd4a0c0 e-con-full e-flex e-con e-child\" data-id=\"dd4a0c0\" data-element_type=\"container\" data-e-type=\"container\">\n\t\t\t\t<div class=\"elementor-element elementor-element-25725e4 elementor-widget elementor-widget-text-editor\" data-id=\"25725e4\" data-element_type=\"widget\" data-e-type=\"widget\" data-widget_type=\"text-editor.default\">\n\t\t\t\t<div class=\"elementor-widget-container\">\n\t\t\t\t\t\t\t\t\t<div><span style=\"font-style: inherit; font-weight: inherit; color: var( --e-global-color-text ); font-family: var( --e-global-typography-text-font-family ), Sans-serif; text-align: var(--text-align); background-color: var(--ast-global-color-5);\">Fred et Maurizio, qui adorent cuisiner et recevoir, souhaitaient une cuisine plus fonctionnelle et plus conviviale, connect\u00e9e au salon qui se trouve de l&rsquo;autre cot\u00e9 de l&rsquo;appartement.\u00a0<\/span><span style=\"font-style: inherit; font-weight: inherit; color: var( --e-global-color-text ); font-family: var( --e-global-typography-text-font-family ), Sans-serif; text-align: var(--text-align); background-color: var(--ast-global-color-5);\">Pour y arriver nous avons red\u00e9fini la r\u00e9partition de l&rsquo;appartement.<\/span><\/div><ul><li>La cuisine a pris la place de l\u2019ancienne salle de bain, juste en face du salon. La suppression de la cloison de l&rsquo;ancienne salle de bain a permis de redonner un caract\u00e8re traversant \u00e0 l\u2019appartement.\u00a0<\/li><li>Une niche sur mesure cr\u00e9e un espace repas cosy, lib\u00e9rant beaucoup d&rsquo;espace dans le salon. Le frigo int\u00e9gr\u00e9 et de nombreux rangements sont dissimul\u00e9s derri\u00e8re les fa\u00e7ades en plaquage noyer tr\u00e8s chaleureuses.<\/li><li>La salle de bain, de dimension l\u00e9g\u00e8rement inf\u00e9rieure, dispose de rangements et conserve beaucoup de charme.\u00a0\u00a0<\/li><\/ul>\t\t\t\t\t\t\t\t<\/div>\n\t\t\t\t<\/div>\n\t\t\t\t<\/div>\n\t\t\t\t\t<\/div>\n\t\t\t\t<\/div>\n\t\t<div class=\"elementor-element elementor-element-e50f186 e-flex e-con-boxed e-con e-parent\" data-id=\"e50f186\" data-element_type=\"container\" data-e-type=\"container\">\n\t\t\t\t\t<div class=\"e-con-inner\">\n\t\t\t\t<div class=\"elementor-element elementor-element-1f493cd elementor-widget elementor-widget-image\" data-id=\"1f493cd\" data-element_type=\"widget\" data-e-type=\"widget\" data-widget_type=\"image.default\">\n\t\t\t\t<div class=\"elementor-widget-container\">\n\t\t\t\t\t\t\t\t\t\t\t\t\t\t\t<img decoding=\"async\" width=\"2560\" height=\"1920\" src=\"https:\/\/i0.wp.com\/oshi-studio.com\/wp-content\/uploads\/2024\/02\/OSHI-FredMaurizio-Cuisine4-scaled.jpg?fit=2560%2C1920&amp;ssl=1\" class=\"attachment-full size-full wp-image-1657\" alt=\"\" srcset=\"https:\/\/i0.wp.com\/oshi-studio.com\/wp-content\/uploads\/2024\/02\/OSHI-FredMaurizio-Cuisine4-scaled.jpg?w=2560&amp;ssl=1 2560w, https:\/\/i0.wp.com\/oshi-studio.com\/wp-content\/uploads\/2024\/02\/OSHI-FredMaurizio-Cuisine4-scaled.jpg?resize=300%2C225&amp;ssl=1 300w, https:\/\/i0.wp.com\/oshi-studio.com\/wp-content\/uploads\/2024\/02\/OSHI-FredMaurizio-Cuisine4-scaled.jpg?resize=1024%2C768&amp;ssl=1 1024w, https:\/\/i0.wp.com\/oshi-studio.com\/wp-content\/uploads\/2024\/02\/OSHI-FredMaurizio-Cuisine4-scaled.jpg?resize=768%2C576&amp;ssl=1 768w, https:\/\/i0.wp.com\/oshi-studio.com\/wp-content\/uploads\/2024\/02\/OSHI-FredMaurizio-Cuisine4-scaled.jpg?resize=1536%2C1152&amp;ssl=1 1536w, https:\/\/i0.wp.com\/oshi-studio.com\/wp-content\/uploads\/2024\/02\/OSHI-FredMaurizio-Cuisine4-scaled.jpg?resize=2048%2C1536&amp;ssl=1 2048w, https:\/\/i0.wp.com\/oshi-studio.com\/wp-content\/uploads\/2024\/02\/OSHI-FredMaurizio-Cuisine4-scaled.jpg?w=2400&amp;ssl=1 2400w\" sizes=\"(max-width: 1200px) 100vw, 1200px\" \/>\t\t\t\t\t\t\t\t\t\t\t\t\t\t\t<\/div>\n\t\t\t\t<\/div>\n\t\t\t\t\t<\/div>\n\t\t\t\t<\/div>\n\t\t<div class=\"elementor-element elementor-element-2536a41 e-flex e-con-boxed e-con e-parent\" data-id=\"2536a41\" data-element_type=\"container\" data-e-type=\"container\">\n\t\t\t\t\t<div class=\"e-con-inner\">\n\t\t\t\t<div class=\"elementor-element elementor-element-66a8e0e elementor-widget elementor-widget-text-editor\" data-id=\"66a8e0e\" data-element_type=\"widget\" data-e-type=\"widget\" data-widget_type=\"text-editor.default\">\n\t\t\t\t<div class=\"elementor-widget-container\">\n\t\t\t\t\t\t\t\t\t<p>Le nouvel am\u00e9nagement met en valeur les vues ext\u00e9rieures et le caract\u00e8re traversant de cet appartement. Il permet \u00e9galement d&rsquo;int\u00e9grer la salle \u00e0 manger \u00e0 l&rsquo;espace cuisine ce qui agrandi le salon et rend l&rsquo;appartement plus fonctionnel et convivial dans son ensemble.&nbsp; &nbsp;<br><\/p><p>Le blanc et le noyer cr\u00e9ent \u00e0 la fois un espace lumineux et chaleureux cot\u00e9 cour et se marient parfaitement avec la v\u00e9g\u00e9tation que l\u2019on peut apercevoir depuis la fen\u00eatre.<\/p>\t\t\t\t\t\t\t\t<\/div>\n\t\t\t\t<\/div>\n\t\t\t\t\t<\/div>\n\t\t\t\t<\/div>\n\t\t<div class=\"elementor-element elementor-element-c251c2f e-flex e-con-boxed e-con e-parent\" data-id=\"c251c2f\" data-element_type=\"container\" data-e-type=\"container\">\n\t\t\t\t\t<div class=\"e-con-inner\">\n\t\t<div class=\"elementor-element elementor-element-89c801c e-con-full e-flex e-con e-child\" data-id=\"89c801c\" data-element_type=\"container\" data-e-type=\"container\">\n\t\t\t\t<div class=\"elementor-element elementor-element-db7c27e elementor-widget elementor-widget-image\" data-id=\"db7c27e\" data-element_type=\"widget\" data-e-type=\"widget\" data-widget_type=\"image.default\">\n\t\t\t\t<div class=\"elementor-widget-container\">\n\t\t\t\t\t\t\t\t\t\t\t\t\t\t\t<img loading=\"lazy\" decoding=\"async\" width=\"1920\" height=\"2560\" src=\"https:\/\/i0.wp.com\/oshi-studio.com\/wp-content\/uploads\/2024\/02\/Maurizio-et-Fred-Salle-de-bain-4-scaled.jpg?fit=1920%2C2560&amp;ssl=1\" class=\"attachment-full size-full wp-image-1758\" alt=\"\" srcset=\"https:\/\/i0.wp.com\/oshi-studio.com\/wp-content\/uploads\/2024\/02\/Maurizio-et-Fred-Salle-de-bain-4-scaled.jpg?w=1920&amp;ssl=1 1920w, https:\/\/i0.wp.com\/oshi-studio.com\/wp-content\/uploads\/2024\/02\/Maurizio-et-Fred-Salle-de-bain-4-scaled.jpg?resize=225%2C300&amp;ssl=1 225w, https:\/\/i0.wp.com\/oshi-studio.com\/wp-content\/uploads\/2024\/02\/Maurizio-et-Fred-Salle-de-bain-4-scaled.jpg?resize=768%2C1024&amp;ssl=1 768w, https:\/\/i0.wp.com\/oshi-studio.com\/wp-content\/uploads\/2024\/02\/Maurizio-et-Fred-Salle-de-bain-4-scaled.jpg?resize=1152%2C1536&amp;ssl=1 1152w, https:\/\/i0.wp.com\/oshi-studio.com\/wp-content\/uploads\/2024\/02\/Maurizio-et-Fred-Salle-de-bain-4-scaled.jpg?resize=1536%2C2048&amp;ssl=1 1536w\" sizes=\"(max-width: 1200px) 100vw, 1200px\" \/>\t\t\t\t\t\t\t\t\t\t\t\t\t\t\t<\/div>\n\t\t\t\t<\/div>\n\t\t\t\t<\/div>\n\t\t<div class=\"elementor-element elementor-element-ab2d77c e-con-full e-flex e-con e-child\" data-id=\"ab2d77c\" data-element_type=\"container\" data-e-type=\"container\">\n\t\t\t\t<div class=\"elementor-element elementor-element-4a4c9f7 elementor-widget elementor-widget-image\" data-id=\"4a4c9f7\" data-element_type=\"widget\" data-e-type=\"widget\" data-widget_type=\"image.default\">\n\t\t\t\t<div class=\"elementor-widget-container\">\n\t\t\t\t\t\t\t\t\t\t\t\t\t\t\t<img loading=\"lazy\" decoding=\"async\" width=\"2560\" height=\"1920\" src=\"https:\/\/i0.wp.com\/oshi-studio.com\/wp-content\/uploads\/2024\/02\/OSHI-FredMaurizio-SDB5-scaled.jpg?fit=2560%2C1920&amp;ssl=1\" class=\"attachment-full size-full wp-image-1736\" alt=\"\" srcset=\"https:\/\/i0.wp.com\/oshi-studio.com\/wp-content\/uploads\/2024\/02\/OSHI-FredMaurizio-SDB5-scaled.jpg?w=2560&amp;ssl=1 2560w, https:\/\/i0.wp.com\/oshi-studio.com\/wp-content\/uploads\/2024\/02\/OSHI-FredMaurizio-SDB5-scaled.jpg?resize=300%2C225&amp;ssl=1 300w, https:\/\/i0.wp.com\/oshi-studio.com\/wp-content\/uploads\/2024\/02\/OSHI-FredMaurizio-SDB5-scaled.jpg?resize=1024%2C768&amp;ssl=1 1024w, https:\/\/i0.wp.com\/oshi-studio.com\/wp-content\/uploads\/2024\/02\/OSHI-FredMaurizio-SDB5-scaled.jpg?resize=768%2C576&amp;ssl=1 768w, https:\/\/i0.wp.com\/oshi-studio.com\/wp-content\/uploads\/2024\/02\/OSHI-FredMaurizio-SDB5-scaled.jpg?resize=1536%2C1152&amp;ssl=1 1536w, https:\/\/i0.wp.com\/oshi-studio.com\/wp-content\/uploads\/2024\/02\/OSHI-FredMaurizio-SDB5-scaled.jpg?resize=2048%2C1536&amp;ssl=1 2048w, https:\/\/i0.wp.com\/oshi-studio.com\/wp-content\/uploads\/2024\/02\/OSHI-FredMaurizio-SDB5-scaled.jpg?w=2400&amp;ssl=1 2400w\" sizes=\"(max-width: 1200px) 100vw, 1200px\" \/>\t\t\t\t\t\t\t\t\t\t\t\t\t\t\t<\/div>\n\t\t\t\t<\/div>\n\t\t\t\t<\/div>\n\t\t\t\t\t<\/div>\n\t\t\t\t<\/div>\n\t\t<div class=\"elementor-element elementor-element-fee7e39 e-flex e-con-boxed e-con e-parent\" data-id=\"fee7e39\" data-element_type=\"container\" data-e-type=\"container\">\n\t\t\t\t\t<div class=\"e-con-inner\">\n\t\t<div class=\"elementor-element elementor-element-4437587 e-con-full e-flex e-con e-child\" data-id=\"4437587\" data-element_type=\"container\" data-e-type=\"container\">\n\t\t\t\t<div class=\"elementor-element elementor-element-ea6c5bd elementor-widget elementor-widget-image\" data-id=\"ea6c5bd\" data-element_type=\"widget\" data-e-type=\"widget\" data-widget_type=\"image.default\">\n\t\t\t\t<div class=\"elementor-widget-container\">\n\t\t\t\t\t\t\t\t\t\t\t\t\t\t\t<img loading=\"lazy\" decoding=\"async\" width=\"1835\" height=\"2447\" src=\"https:\/\/i0.wp.com\/oshi-studio.com\/wp-content\/uploads\/2024\/02\/Maurizio-et-Fred-Entree.jpg?fit=1835%2C2447&amp;ssl=1\" class=\"attachment-full size-full wp-image-1759\" alt=\"\" srcset=\"https:\/\/i0.wp.com\/oshi-studio.com\/wp-content\/uploads\/2024\/02\/Maurizio-et-Fred-Entree.jpg?w=1835&amp;ssl=1 1835w, https:\/\/i0.wp.com\/oshi-studio.com\/wp-content\/uploads\/2024\/02\/Maurizio-et-Fred-Entree.jpg?resize=225%2C300&amp;ssl=1 225w, https:\/\/i0.wp.com\/oshi-studio.com\/wp-content\/uploads\/2024\/02\/Maurizio-et-Fred-Entree.jpg?resize=768%2C1024&amp;ssl=1 768w, https:\/\/i0.wp.com\/oshi-studio.com\/wp-content\/uploads\/2024\/02\/Maurizio-et-Fred-Entree.jpg?resize=1152%2C1536&amp;ssl=1 1152w, https:\/\/i0.wp.com\/oshi-studio.com\/wp-content\/uploads\/2024\/02\/Maurizio-et-Fred-Entree.jpg?resize=1536%2C2048&amp;ssl=1 1536w\" sizes=\"(max-width: 1200px) 100vw, 1200px\" \/>\t\t\t\t\t\t\t\t\t\t\t\t\t\t\t<\/div>\n\t\t\t\t<\/div>\n\t\t\t\t<\/div>\n\t\t<div class=\"elementor-element elementor-element-3844710 e-con-full e-flex e-con e-child\" data-id=\"3844710\" data-element_type=\"container\" data-e-type=\"container\">\n\t\t\t\t<div class=\"elementor-element elementor-element-496c896 elementor-widget elementor-widget-image\" data-id=\"496c896\" data-element_type=\"widget\" data-e-type=\"widget\" data-widget_type=\"image.default\">\n\t\t\t\t<div class=\"elementor-widget-container\">\n\t\t\t\t\t\t\t\t\t\t\t\t\t\t\t<img loading=\"lazy\" decoding=\"async\" width=\"1920\" height=\"2560\" src=\"https:\/\/i0.wp.com\/oshi-studio.com\/wp-content\/uploads\/2024\/02\/OSHI-FredMaurizio-Cuisine6-scaled.jpg?fit=1920%2C2560&amp;ssl=1\" class=\"attachment-full size-full wp-image-1647\" alt=\"\" srcset=\"https:\/\/i0.wp.com\/oshi-studio.com\/wp-content\/uploads\/2024\/02\/OSHI-FredMaurizio-Cuisine6-scaled.jpg?w=1920&amp;ssl=1 1920w, https:\/\/i0.wp.com\/oshi-studio.com\/wp-content\/uploads\/2024\/02\/OSHI-FredMaurizio-Cuisine6-scaled.jpg?resize=225%2C300&amp;ssl=1 225w, https:\/\/i0.wp.com\/oshi-studio.com\/wp-content\/uploads\/2024\/02\/OSHI-FredMaurizio-Cuisine6-scaled.jpg?resize=768%2C1024&amp;ssl=1 768w, https:\/\/i0.wp.com\/oshi-studio.com\/wp-content\/uploads\/2024\/02\/OSHI-FredMaurizio-Cuisine6-scaled.jpg?resize=1152%2C1536&amp;ssl=1 1152w, https:\/\/i0.wp.com\/oshi-studio.com\/wp-content\/uploads\/2024\/02\/OSHI-FredMaurizio-Cuisine6-scaled.jpg?resize=1536%2C2048&amp;ssl=1 1536w\" sizes=\"(max-width: 1200px) 100vw, 1200px\" \/>\t\t\t\t\t\t\t\t\t\t\t\t\t\t\t<\/div>\n\t\t\t\t<\/div>\n\t\t\t\t<\/div>\n\t\t\t\t\t<\/div>\n\t\t\t\t<\/div>\n\t\t<div class=\"elementor-element elementor-element-b5f8e7c e-flex e-con-boxed e-con e-parent\" data-id=\"b5f8e7c\" data-element_type=\"container\" data-e-type=\"container\">\n\t\t\t\t\t<div class=\"e-con-inner\">\n\t\t<div class=\"elementor-element elementor-element-85b8f3d e-con-full e-flex e-con e-child\" data-id=\"85b8f3d\" data-element_type=\"container\" data-e-type=\"container\">\n\t\t\t\t<div class=\"elementor-element elementor-element-12239dc elementor-widget elementor-widget-image\" data-id=\"12239dc\" data-element_type=\"widget\" data-e-type=\"widget\" data-widget_type=\"image.default\">\n\t\t\t\t<div class=\"elementor-widget-container\">\n\t\t\t\t\t\t\t\t\t\t\t\t\t\t\t<img loading=\"lazy\" decoding=\"async\" width=\"1920\" height=\"2560\" src=\"https:\/\/i0.wp.com\/oshi-studio.com\/wp-content\/uploads\/2024\/02\/OSHI-FredMaurizio-Cuisine3-scaled.jpg?fit=1920%2C2560&amp;ssl=1\" class=\"attachment-full size-full wp-image-1656\" alt=\"\" srcset=\"https:\/\/i0.wp.com\/oshi-studio.com\/wp-content\/uploads\/2024\/02\/OSHI-FredMaurizio-Cuisine3-scaled.jpg?w=1920&amp;ssl=1 1920w, https:\/\/i0.wp.com\/oshi-studio.com\/wp-content\/uploads\/2024\/02\/OSHI-FredMaurizio-Cuisine3-scaled.jpg?resize=225%2C300&amp;ssl=1 225w, https:\/\/i0.wp.com\/oshi-studio.com\/wp-content\/uploads\/2024\/02\/OSHI-FredMaurizio-Cuisine3-scaled.jpg?resize=768%2C1024&amp;ssl=1 768w, https:\/\/i0.wp.com\/oshi-studio.com\/wp-content\/uploads\/2024\/02\/OSHI-FredMaurizio-Cuisine3-scaled.jpg?resize=1152%2C1536&amp;ssl=1 1152w, https:\/\/i0.wp.com\/oshi-studio.com\/wp-content\/uploads\/2024\/02\/OSHI-FredMaurizio-Cuisine3-scaled.jpg?resize=1536%2C2048&amp;ssl=1 1536w\" sizes=\"(max-width: 1200px) 100vw, 1200px\" \/>\t\t\t\t\t\t\t\t\t\t\t\t\t\t\t<\/div>\n\t\t\t\t<\/div>\n\t\t\t\t<\/div>\n\t\t<div class=\"elementor-element elementor-element-b08ab43 e-con-full e-flex e-con e-child\" data-id=\"b08ab43\" data-element_type=\"container\" data-e-type=\"container\">\n\t\t\t\t<div class=\"elementor-element elementor-element-6a790a0 elementor-widget elementor-widget-image\" data-id=\"6a790a0\" data-element_type=\"widget\" data-e-type=\"widget\" data-widget_type=\"image.default\">\n\t\t\t\t<div class=\"elementor-widget-container\">\n\t\t\t\t\t\t\t\t\t\t\t\t\t\t\t<img loading=\"lazy\" decoding=\"async\" width=\"1920\" height=\"2560\" src=\"https:\/\/i0.wp.com\/oshi-studio.com\/wp-content\/uploads\/2024\/02\/Maurizio-Fred-Salle-de-bain-2-scaled.jpg?fit=1920%2C2560&amp;ssl=1\" class=\"attachment-full size-full wp-image-1760\" alt=\"\" srcset=\"https:\/\/i0.wp.com\/oshi-studio.com\/wp-content\/uploads\/2024\/02\/Maurizio-Fred-Salle-de-bain-2-scaled.jpg?w=1920&amp;ssl=1 1920w, https:\/\/i0.wp.com\/oshi-studio.com\/wp-content\/uploads\/2024\/02\/Maurizio-Fred-Salle-de-bain-2-scaled.jpg?resize=225%2C300&amp;ssl=1 225w, https:\/\/i0.wp.com\/oshi-studio.com\/wp-content\/uploads\/2024\/02\/Maurizio-Fred-Salle-de-bain-2-scaled.jpg?resize=768%2C1024&amp;ssl=1 768w, https:\/\/i0.wp.com\/oshi-studio.com\/wp-content\/uploads\/2024\/02\/Maurizio-Fred-Salle-de-bain-2-scaled.jpg?resize=1152%2C1536&amp;ssl=1 1152w, https:\/\/i0.wp.com\/oshi-studio.com\/wp-content\/uploads\/2024\/02\/Maurizio-Fred-Salle-de-bain-2-scaled.jpg?resize=1536%2C2048&amp;ssl=1 1536w\" sizes=\"(max-width: 1200px) 100vw, 1200px\" \/>\t\t\t\t\t\t\t\t\t\t\t\t\t\t\t<\/div>\n\t\t\t\t<\/div>\n\t\t\t\t<\/div>\n\t\t\t\t\t<\/div>\n\t\t\t\t<\/div>\n\t\t\t\t<\/div>\n\t\t","protected":false},"excerpt":{"rendered":"<p>Projet de Maurizio et Fred &#8211; R\u00e9am\u00e9nagement d&rsquo;un 2 pi\u00e8ces \u00e0 Paris XII R\u00e9novation partielle d\u2019un appartement Haussmannien de 60m2 \u00e0 Paris XII.\u00a0Cet appartement cossus souffrait d&rsquo;un am\u00e9nagement atypique qui ne permettait pas d&rsquo;exploiter son potentiel. La cuisine, un peu \u00e9triqu\u00e9e, \u00e9tait situ\u00e9e \u00e0 droite de l&rsquo;entr\u00e9e ce qui l&rsquo;\u00e9loignait de l&rsquo;espace salle \u00e0 manger [&hellip;]<\/p>\n","protected":false},"author":1,"featured_media":0,"parent":0,"menu_order":0,"comment_status":"closed","ping_status":"closed","template":"","meta":{"site-sidebar-layout":"no-sidebar","site-content-layout":"","ast-site-content-layout":"full-width-container","site-content-style":"default","site-sidebar-style":"default","ast-global-header-display":"","ast-banner-title-visibility":"","ast-main-header-display":"","ast-hfb-above-header-display":"","ast-hfb-below-header-display":"","ast-hfb-mobile-header-display":"","site-post-title":"disabled","ast-breadcrumbs-content":"","ast-featured-img":"disabled","footer-sml-layout":"","ast-disable-related-posts":"","theme-transparent-header-meta":"","adv-header-id-meta":"","stick-header-meta":"","header-above-stick-meta":"","header-main-stick-meta":"","header-below-stick-meta":"","astra-migrate-meta-layouts":"default","ast-page-background-enabled":"default","ast-page-background-meta":{"desktop":{"background-color":"var(--ast-global-color-4)","background-image":"","background-repeat":"repeat","background-position":"center center","background-size":"auto","background-attachment":"scroll","background-type":"","background-media":"","overlay-type":"","overlay-color":"","overlay-opacity":"","overlay-gradient":""},"tablet":{"background-color":"","background-image":"","background-repeat":"repeat","background-position":"center center","background-size":"auto","background-attachment":"scroll","background-type":"","background-media":"","overlay-type":"","overlay-color":"","overlay-opacity":"","overlay-gradient":""},"mobile":{"background-color":"","background-image":"","background-repeat":"repeat","background-position":"center center","background-size":"auto","background-attachment":"scroll","background-type":"","background-media":"","overlay-type":"","overlay-color":"","overlay-opacity":"","overlay-gradient":""}},"ast-content-background-meta":{"desktop":{"background-color":"var(--ast-global-color-5)","background-image":"","background-repeat":"repeat","background-position":"center center","background-size":"auto","background-attachment":"scroll","background-type":"","background-media":"","overlay-type":"","overlay-color":"","overlay-opacity":"","overlay-gradient":""},"tablet":{"background-color":"var(--ast-global-color-5)","background-image":"","background-repeat":"repeat","background-position":"center center","background-size":"auto","background-attachment":"scroll","background-type":"","background-media":"","overlay-type":"","overlay-color":"","overlay-opacity":"","overlay-gradient":""},"mobile":{"background-color":"var(--ast-global-color-5)","background-image":"","background-repeat":"repeat","background-position":"center center","background-size":"auto","background-attachment":"scroll","background-type":"","background-media":"","overlay-type":"","overlay-color":"","overlay-opacity":"","overlay-gradient":""}},"footnotes":""},"class_list":["post-1719","page","type-page","status-publish","hentry"],"jetpack_sharing_enabled":true,"_links":{"self":[{"href":"https:\/\/oshi-studio.com\/index.php\/wp-json\/wp\/v2\/pages\/1719","targetHints":{"allow":["GET"]}}],"collection":[{"href":"https:\/\/oshi-studio.com\/index.php\/wp-json\/wp\/v2\/pages"}],"about":[{"href":"https:\/\/oshi-studio.com\/index.php\/wp-json\/wp\/v2\/types\/page"}],"author":[{"embeddable":true,"href":"https:\/\/oshi-studio.com\/index.php\/wp-json\/wp\/v2\/users\/1"}],"replies":[{"embeddable":true,"href":"https:\/\/oshi-studio.com\/index.php\/wp-json\/wp\/v2\/comments?post=1719"}],"version-history":[{"count":43,"href":"https:\/\/oshi-studio.com\/index.php\/wp-json\/wp\/v2\/pages\/1719\/revisions"}],"predecessor-version":[{"id":2083,"href":"https:\/\/oshi-studio.com\/index.php\/wp-json\/wp\/v2\/pages\/1719\/revisions\/2083"}],"wp:attachment":[{"href":"https:\/\/oshi-studio.com\/index.php\/wp-json\/wp\/v2\/media?parent=1719"}],"curies":[{"name":"wp","href":"https:\/\/api.w.org\/{rel}","templated":true}]}}